Convert -101001011000110 (base 2) to base 13.
-9850
What is -1504 (base 15) in base 14?
-18da
Convert -bc8e (base 16) to base 4.
-23302032
What is -34b (base 13) in base 7?
-1443
164 (base 13) to base 3
100022
11222102 (base 3) to base 10
3629
What is -4312 (base 5) in base 16?
-246
Convert -79 (base 16) to base 2.
-1111001
38b (base 13) to base 6
2514
Convert -2020 (base 4) to base 2.
-10001000
Convert -291 (base 12) to base 13.
-247
Convert 41100 (base 6) to base 13.
2622
What is -2282 (base 16) in base 10?
-8834
24436 (base 11) to base 12
183b5
Convert 34 (base 16) to base 8.
64
255 (base 15) to base 10
530
What is -e64 (base 16) in base 4?
-321210
Convert -30 (base 13) to base 14.
-2b
What is 2983 (base 12) in base 14?
1aa7
What is -5458 (base 9) in base 16?
-fb6
What is 10012111011 (base 3) in base 11?
43408
Convert -413 (base 7) to base 12.
-152
What is 2708 (base 9) in base 14?
a53
Convert d5a (base 14) to base 3.
10121100
-1011010100100110 (base 2) to base 11
-31929
What is 3531 (base 7) in base 16?
510
What is -143515 (base 6) in base 12?
-7b9b
What is -1734 (base 11) in base 2?
-100010100111
Convert 10001101011 (base 2) to base 9.
1486
What is -bb95 (base 14) in base 7?
-163445
Convert -2246 (base 9) to base 2.
-11001111110
-14224 (base 10) to base 11
-a761
1203233 (base 4) to base 12
383b
2442 (base 8) to base 5
20224
Convert -128 (base 16) to base 8.
-450
What is -143 (base 8) in base 12?
-83
What is b75 (base 13) in base 8?
3643
What is 1228 (base 9) in base 11?
764
What is -202 (base 3) in base 4?
-110
-273b1 (base 13) to base 6
-1322400
What is -1100010011 (base 2) in base 7?
-2203
What is 45464 (base 8) in base 12?
b184
Convert -1bc1 (base 13) to base 2.
-1000001110101
Convert 2333 (base 13) to base 6.
34515
12101102 (base 3) to base 10
3926
What is 100101000010 (base 2) in base 8?
4502
What is -14366 (base 8) in base 16?
-18f6
Convert 101001111 (base 2) to base 10.
335
Convert -10603 (base 9) to base 12.
-40b6
-24f (base 16) to base 4
-21033
What is -736 (base 16) in base 4?
-130312
Convert 368c (base 14) to base 10.
9532
What is -5aa (base 16) in base 6?
-10414
a64 (base 11) to base 3
1202102
Convert 1100110011 (base 2) to base 6.
3443
What is -120210 (base 3) in base 14?
-226
What is 11425 (base 7) in base 8?
5617
Convert 30133 (base 4) to base 3.
1002121
What is -104650 (base 7) in base 2?
-100100001001100
Convert 101003 (base 4) to base 14.
57d
Convert -673 (base 9) to base 8.
-1050
What is -3546 (base 7) in base 14?
-696
1121101 (base 3) to base 10
1171
What is 12100212 (base 4) in base 10?
25638
Convert 1a5 (base 11) to base 7.
455
-701 (base 13) to base 9
-1555
Convert 25503 (base 8) to base 6.
123135
What is -113 (base 12) in base 7?
-315
What is 1da6 (base 14) in base 9?
7412
-247 (base 11) to base 12
-205
Convert -619 (base 12) to base 6.
-4033
Convert -82d (base 15) to base 4.
-130303
1424 (base 5) to base 16
ef
What is -1100 (base 6) in base 9?
-310
Convert 41c (base 13) to base 12.
4a5
1040235 (base 6) to base 12
2607b
What is -143bc (base 16) in base 10?
-82876
-d28 (base 15) to base 11
-2254
What is -2002002202 (base 3) in base 6?
-513202
Convert -61425 (base 7) to base 5.
-434324
What is -22210 (base 3) in base 7?
-456
Convert -484 (base 9) to base 13.
-24a
5a9 (base 14) to base 9
1484
What is 7a3 (base 11) in base 3?
1022120
Convert 6673 (base 8) to base 4.
312323
-1279 (base 11) to base 14
-867
17808 (base 9) to base 11
9290
What is 0 (base 3) in base 4?
0
Convert 240400 (base 5) to base 12.
5156
What is a35 (base 15) in base 4?
203330
Convert 251 (base 10) to base 9.
308
Convert -373 (base 10) to base 3.
-111211
-20310 (base 4) to base 6
-2340
24320 (base 5) to base 11
1419
Convert -351 (base 15) to base 14.
-3b9
What is 3c7 (base 14) in base 15?
35d
Convert -b70 (base 13) to base 15.
-8a0
2349 (base 13) to base 3
20210210
What is -24400 (base 10) in base 13?
-b14c
-8ec (base 16) to base 2
-100011101100
Convert 1010110 (base 2) to base 4.
1112
What is -2 (base 11) in base 13?
-2
Convert 1022221022 (base 3) to base 10.
26198
-2032 (base 8) to base 15
-4a0
What is -125304 (base 6) in base 2?
-10110100101000
What is -101111221 (base 3) in base 13?
-3649
Convert -220331 (base 4) to base 2.
-101000111101
Convert -112101210 (base 3) to base 12.
-60a9
-2004 (base 8) to base 9
-1362
What is -24b6 (base 12) in base 13?
-1b8a
Convert -702 (base 13) to base 4.
-102201
15a8 (base 16) to base 4
1112220
What is -40502 (base 6) in base 5?
-132431
Convert 31503 (base 10) to base 3.
1121012210
-4522 (base 6) to base 10
-1058
-111000100 (base 2) to base 14
-244
Convert -13837 (base 10) to base 4.
-3120031
What is -44e (base 16) in base 13?
-66a
What is -1415 (base 6) in base 7?
-1040
Convert -12334 (base 5) to base 13.
-597
739 (base 11) to base 4
31321
-747 (base 12) to base 6
-4531
Convert 804 (base 16) to base 10.
2052
What is -4228 (base 14) in base 3?
-120122101
Convert 6102 (base 8) to base 16.
c42
28b (base 16) to base 7
1620
-237 (base 8) to base 15
-a9
Convert -16116 (base 7) to base 10.
-4521
352103 (base 7) to base 6
1204232
-35347 (base 10) to base 2
-1000101000010011
Convert 6f27 (base 16) to base 9.
43026
What is -1149 (base 10) in base 4?
-101331
Convert -11272 (base 13) to base 4.
-13213111
Convert -22544 (base 6) to base 10.
-3232
bc (base 15) to base 16
b1
What is 1202110111 (base 3) in base 12?
18034
Convert -26528 (base 9) to base 6.
-214555
-570 (base 11) to base 4
-22222
What is 1523 (base 7) in base 14?
313
-737 (base 9) to base 4
-21121
Convert -444044 (base 5) to base 13.
-70b2
What is 12680 (base 10) in base 13?
5a05
33032 (base 5) to base 4
203123
-1100101010110 (base 2) to base 13
-2c4c
-13437 (base 9) to base 12
-532a
Convert -134221 (base 6) to base 14.
-484d
Convert 10112101 (base 3) to base 9.
3471
Convert 20554 (base 6) to base 15.
c71
Convert -2ba3 (base 14) to base 10.
-7787
-1554b (base 13) to base 8
-117006
Convert -131212 (base 5) to base 15.
-1807
Convert 200111 (base 3) to base 12.
357
111211 (base 3) to base 8
565
666 (base 9) to base 3
202020
What is 122202 (base 3) in base 6?
2115
What is 679 (base 12) in base 16?
3bd
100223 (base 6) to base 10
7863
-442512 (base 6) to base 5
-2140113
What is 6 (base 7) in base 12?
6
What is 3504 (base 6) in base 5?
11312
What is -12634 (base 7) in base 6?
-23434
What is 3490 (base 14) in base 10?
9142
What is -304 (base 12) in base 11?
-367
101000 (base 2) to base 16
28
-21334 (base 6) to base 15
-d0d
1341 (base 11) to base 16
6cb
What is -2269 (base 11) in base 14?
-112b
-200022 (base 3) to base 9
-608
Convert b3b (base 14) to base 16.
8a1
-413 (base 11) to base 10
-498
Convert 201 (base 4) to base 15.
23
166240 (base 7) to base 4
20021311
73cb (base 15) to base 8
57653
What is -663 (base 10) in base 9?
-816
Convert -96 (base 15) to base 13.
-ab
What is e4 (base 16) in base 10?
228
What is 210311 (base 4) in base 14?
c05
-102011010 (base 3) to base 16
-1fc2
6bb8 (base 13) to base 10
15192
Convert -3242 (base 7) to base 9.
-1525
21c (base 13) to base 15
193
What is 120 (base 5) in base 3?
1022
What is -12315 (base 6) in base 7?
-5246
Convert 37754 (base 8) to base 4.
3333230
366d (base 14) to base 16
2521
274 (base 14) to base 2
111101110
324 (base 14) to base 2
1001101100
55213 (base 6) to base 3
101111000
What is -20b (base 16) in base 5?
-4043
1100001010101 (base 2) to base 16
1855
Convert 111000010111 (base 2) to base 6.
24411
Convert -1000234 (base 5) to base 14.
-5a10
-33569 (base 10) to base 16
-8321
What is -1114003 (base 5) in base 9?
-30236
What is 3230 (base 7) in base 5?
14043
What is 1011100110 (base 2) in base 11?
615
What is -10101110100101 (base 2) in base 13?
-5116
Convert -41554 (base 6) to base 12.
-32ba
What is -881 (base 14) in base 4?
-122101
What is 145 (base 14) in base 6?
1105
-6443 (base 8) to base 4
-310203
What is -61348 (base 9) in base 14?
-10a06
-10011001110011 (base 2) to base 5
-303333
What is 2743 (base 8) in base 6?
10551
Convert -18451 (base 14) to base 8.
-167447
Convert -1944 (base 13) to base 2.
-111010111110
What is 203d7 (base 14) in base 10?
77609
What is -441 (base 10) in base 4?
-12321
What is 20200 (base 3) in base 13?
10b
What is 2366 (base 7) in base 11?
731
-11132 (base 6) to base 16
-620
Convert 